{"id":31,"date":"2024-04-15T21:35:04","date_gmt":"2024-04-15T19:35:04","guid":{"rendered":"https:\/\/universfee.fr\/?page_id=31"},"modified":"2024-04-15T21:35:04","modified_gmt":"2024-04-15T19:35:04","slug":"licorne","status":"publish","type":"page","link":"https:\/\/universfee.fr\/index.php\/licorne\/","title":{"rendered":"Licorne"},"content":{"rendered":"\n<p><strong>La licorne et la Sir\u00e8ne<\/strong><\/p>\n\n\n\n<p>Elle est venue me chercher,<br>Un soir d&rsquo;automne,<br>La belle Licorne.<br><br>Elle est venue me chercher,<br>Galoper dans l&rsquo;univers,<br>Se fondre dans ces champs de coton,<br>D\u00e9couvrir le bonheur magnifique, une beaut\u00e9 d&rsquo;exception.<br><br>Elle est venue me chercher,<br>Et de retour sur la terre ferme,<br>Elle m&rsquo;a laiss\u00e9 aller aux c\u00f4t\u00e9s de la belle Sir\u00e8ne.<br><br>Elle m&rsquo;a laiss\u00e9 aller,<br>Naviguer dans cette for\u00eat de corail,<br>D\u00e9couvrir le bonheur magnifique, une beaut\u00e9 d&rsquo;exception.<br><br>Elle est venue me chercher,<br>Et de retour sur la terre ferme,<br>Nous nous sommes promis,<br>La belle Licorne, la belle Sir\u00e8ne,<br>De repartir \u00e0 la d\u00e9couverte de ce bel Univers.<\/p>\n\n\n\n<p>Claire Crozier<\/p>\n","protected":false},"excerpt":{"rendered":"<p>La licorne et la Sir\u00e8ne Elle est venue me chercher,Un soir d&rsquo;automne,La belle Licorne. Elle est venue me chercher,Galoper dans l&rsquo;univers,Se fondre dans ces champs de coton,D\u00e9couvrir le bonheur magnifique, une beaut\u00e9 d&rsquo;exception. Elle est venue me chercher,Et de retour sur la terre ferme,Elle m&rsquo;a laiss\u00e9 aller aux c\u00f4t\u00e9s de la belle Sir\u00e8ne. Elle m&rsquo;a [&hellip;]<\/p>\n","protected":false},"author":1,"featured_media":0,"parent":0,"menu_order":0,"comment_status":"closed","ping_status":"closed","template":"","meta":{"footnotes":""},"class_list":["post-31","page","type-page","status-publish","hentry"],"_links":{"self":[{"href":"https:\/\/universfee.fr\/index.php\/wp-json\/wp\/v2\/pages\/31","targetHints":{"allow":["GET"]}}],"collection":[{"href":"https:\/\/universfee.fr\/index.php\/wp-json\/wp\/v2\/pages"}],"about":[{"href":"https:\/\/universfee.fr\/index.php\/wp-json\/wp\/v2\/types\/page"}],"author":[{"embeddable":true,"href":"https:\/\/universfee.fr\/index.php\/wp-json\/wp\/v2\/users\/1"}],"replies":[{"embeddable":true,"href":"https:\/\/universfee.fr\/index.php\/wp-json\/wp\/v2\/comments?post=31"}],"version-history":[{"count":1,"href":"https:\/\/universfee.fr\/index.php\/wp-json\/wp\/v2\/pages\/31\/revisions"}],"predecessor-version":[{"id":32,"href":"https:\/\/universfee.fr\/index.php\/wp-json\/wp\/v2\/pages\/31\/revisions\/32"}],"wp:attachment":[{"href":"https:\/\/universfee.fr\/index.php\/wp-json\/wp\/v2\/media?parent=31"}],"curies":[{"name":"wp","href":"https:\/\/api.w.org\/{rel}","templated":true}]}}