{"id":33,"date":"2024-04-15T21:34:43","date_gmt":"2024-04-15T19:34:43","guid":{"rendered":"https:\/\/universfee.fr\/?page_id=33"},"modified":"2024-04-15T21:34:43","modified_gmt":"2024-04-15T19:34:43","slug":"la-vie-juste-a-cote","status":"publish","type":"page","link":"https:\/\/universfee.fr\/index.php\/la-vie-juste-a-cote\/","title":{"rendered":"La vie&#8230; juste \u00e0 c\u00f4t\u00e9"},"content":{"rendered":"\n<p><strong>La vie&#8230; juste \u00e0 c\u00f4t\u00e9<\/strong><\/p>\n\n\n\n<p><br>Je me souviens de ce soir d&rsquo;\u00e9t\u00e9,<br>O\u00f9 tout \u00e0 commenc\u00e9.<br>Repos\u00e9e, d\u00e9tendue,<br>Mes amies les F\u00e9es sont venues m&rsquo;\u00e9tinceller.<br><br>Je me souviens de ce soir d\u00e9t\u00e9,<br>O\u00f9 tout \u00e0 commenc\u00e9.<br>R\u00e9pos\u00e9e, d\u00e9tendue,<br>L&rsquo;Univers m&rsquo;est apparu.<br><br>Je me souviens de ce soir d&rsquo;\u00e9t\u00e9,<br>O\u00f9 tout \u00e0 commenc\u00e9.<br>Repos\u00e9e, d\u00e9tendue,<br>Les belle et les bonnes lumi\u00e8res m&rsquo;ont illumin\u00e9es.<br><br>Je me souviens de ce soir d&rsquo;\u00e9t\u00e9,<br>O\u00f9 tout \u00e0 continu\u00e9.<br>Repos\u00e9e, d\u00e9tendue,<br>Mon ami Micka\u00ebl est venu me guider.<br><br>Je me souviens de ce soir d&rsquo;automne,<br>O\u00f9 toi ma Guidance,<br>Tu m&rsquo;as envoy\u00e9 ce magnifique clin d&rsquo;oeil,<br>Du regard, de ses yeux brillants de ce bel enfant,<br>Illuminant tout mon \u00eatre int\u00e9rieur&#8230; une sensation MAGIQUE.<\/p>\n\n\n\n<p>Claire Crozier<\/p>\n","protected":false},"excerpt":{"rendered":"<p>La vie&#8230; juste \u00e0 c\u00f4t\u00e9 Je me souviens de ce soir d&rsquo;\u00e9t\u00e9,O\u00f9 tout \u00e0 commenc\u00e9.Repos\u00e9e, d\u00e9tendue,Mes amies les F\u00e9es sont venues m&rsquo;\u00e9tinceller. Je me souviens de ce soir d\u00e9t\u00e9,O\u00f9 tout \u00e0 commenc\u00e9.R\u00e9pos\u00e9e, d\u00e9tendue,L&rsquo;Univers m&rsquo;est apparu. Je me souviens de ce soir d&rsquo;\u00e9t\u00e9,O\u00f9 tout \u00e0 commenc\u00e9.Repos\u00e9e, d\u00e9tendue,Les belle et les bonnes lumi\u00e8res m&rsquo;ont illumin\u00e9es. Je me [&hellip;]<\/p>\n","protected":false},"author":1,"featured_media":0,"parent":0,"menu_order":0,"comment_status":"closed","ping_status":"closed","template":"","meta":{"footnotes":""},"class_list":["post-33","page","type-page","status-publish","hentry"],"_links":{"self":[{"href":"https:\/\/universfee.fr\/index.php\/wp-json\/wp\/v2\/pages\/33","targetHints":{"allow":["GET"]}}],"collection":[{"href":"https:\/\/universfee.fr\/index.php\/wp-json\/wp\/v2\/pages"}],"about":[{"href":"https:\/\/universfee.fr\/index.php\/wp-json\/wp\/v2\/types\/page"}],"author":[{"embeddable":true,"href":"https:\/\/universfee.fr\/index.php\/wp-json\/wp\/v2\/users\/1"}],"replies":[{"embeddable":true,"href":"https:\/\/universfee.fr\/index.php\/wp-json\/wp\/v2\/comments?post=33"}],"version-history":[{"count":1,"href":"https:\/\/universfee.fr\/index.php\/wp-json\/wp\/v2\/pages\/33\/revisions"}],"predecessor-version":[{"id":34,"href":"https:\/\/universfee.fr\/index.php\/wp-json\/wp\/v2\/pages\/33\/revisions\/34"}],"wp:attachment":[{"href":"https:\/\/universfee.fr\/index.php\/wp-json\/wp\/v2\/media?parent=33"}],"curies":[{"name":"wp","href":"https:\/\/api.w.org\/{rel}","templated":true}]}}