{"id":35,"date":"2024-04-15T21:35:21","date_gmt":"2024-04-15T19:35:21","guid":{"rendered":"https:\/\/universfee.fr\/?page_id=35"},"modified":"2024-04-15T21:35:21","modified_gmt":"2024-04-15T19:35:21","slug":"ma-muse","status":"publish","type":"page","link":"https:\/\/universfee.fr\/index.php\/ma-muse\/","title":{"rendered":"Ma muse"},"content":{"rendered":"\n<p><strong>Ma Muse<\/strong><\/p>\n\n\n\n<p><br>A toi ma Muse,<br>Que je d\u00e9couvre chaque matin,<br>Si joliement d\u00e9ssin\u00e9e,<br>Comme notre amie l&rsquo;orchid\u00e9e.<br><br>A toi ma Muse,<br>Que je ne me lasse de caresser du regard.<br>De ton sourire de ton \u00e9l\u00e9gance,<br>Emane une pr\u00e9sence.<br><br>A toi ma Muse,<br>Que je ne pourrai quitter,<br>Car si l&rsquo;envie soudaine se faisait,<br>Je deviendrai cet arbre si magnifiquement bien habill\u00e9 au Printemps,<br>Se retrouvant d\u00e9nud\u00e9 par le froid de l&rsquo;hiver.<\/p>\n\n\n\n<p>Claire Crozier<\/p>\n","protected":false},"excerpt":{"rendered":"<p>Ma Muse A toi ma Muse,Que je d\u00e9couvre chaque matin,Si joliement d\u00e9ssin\u00e9e,Comme notre amie l&rsquo;orchid\u00e9e. A toi ma Muse,Que je ne me lasse de caresser du regard.De ton sourire de ton \u00e9l\u00e9gance,Emane une pr\u00e9sence. A toi ma Muse,Que je ne pourrai quitter,Car si l&rsquo;envie soudaine se faisait,Je deviendrai cet arbre si magnifiquement bien habill\u00e9 au [&hellip;]<\/p>\n","protected":false},"author":1,"featured_media":0,"parent":0,"menu_order":0,"comment_status":"closed","ping_status":"closed","template":"","meta":{"footnotes":""},"class_list":["post-35","page","type-page","status-publish","hentry"],"_links":{"self":[{"href":"https:\/\/universfee.fr\/index.php\/wp-json\/wp\/v2\/pages\/35","targetHints":{"allow":["GET"]}}],"collection":[{"href":"https:\/\/universfee.fr\/index.php\/wp-json\/wp\/v2\/pages"}],"about":[{"href":"https:\/\/universfee.fr\/index.php\/wp-json\/wp\/v2\/types\/page"}],"author":[{"embeddable":true,"href":"https:\/\/universfee.fr\/index.php\/wp-json\/wp\/v2\/users\/1"}],"replies":[{"embeddable":true,"href":"https:\/\/universfee.fr\/index.php\/wp-json\/wp\/v2\/comments?post=35"}],"version-history":[{"count":1,"href":"https:\/\/universfee.fr\/index.php\/wp-json\/wp\/v2\/pages\/35\/revisions"}],"predecessor-version":[{"id":36,"href":"https:\/\/universfee.fr\/index.php\/wp-json\/wp\/v2\/pages\/35\/revisions\/36"}],"wp:attachment":[{"href":"https:\/\/universfee.fr\/index.php\/wp-json\/wp\/v2\/media?parent=35"}],"curies":[{"name":"wp","href":"https:\/\/api.w.org\/{rel}","templated":true}]}}